). What are the prime factors of j(2)?
2, 3
Suppose -2*i + 8 = -0*i. Let m = i + -3. Suppose 3*r = -3*o + 51 - 18, o = -m. List the prime factors of r.
2, 3
Suppose 2*m + 3*c = 327, -2*m - 4*c - 704 = -6*m. What are the prime factors of m?
3, 19
Suppose 0*t = 3*t - 78. List the prime factors of t.
2, 13
Let d be 2/(-2)*(8 + -1). Suppose -n = -4*n. Let u = n - d. What are the prime factors of u?
7
Let q(w) be the first derivative of -13*w**4 - w**3/3 - 1. What are the prime factors of q(-1)?
3, 17
Let s(x) = 2*x**3 + x**2 - 2*x. What are the prime factors of s(3)?
3, 19
Suppose -70 = -0*l - 5*l. Suppose -4*g - l = x + x, 15 = -3*g. Suppose -p + 29 = p + x*w, p - 3*w = -8. List the prime factors of p.
7
Let i be ((-2 - -1) + 3)/1. Let j be (0 - i) + (2 - -50). Suppose -4*f + j = p, 0 = -f - p + 5 + 9. List the prime factors of f.
2, 3
Suppose -200 = 4*t - 9*t. Let r(y) = y**2 + 10*y - 11. Let n be r(-9). Let g = t + n. What are the prime factors of g?
2, 5
Suppose 0 = -9*z + 4*z - 15. What are the prime factors of (210/(-9))/(2/z)?
5, 7
List the prime factors of (-1)/((-4)/(-4)*4/(-436)).
109
Let d = -3 - 0. Let m be 1/d + 69/(-9). What are the prime factors of ((-3)/2)/(3/m)?
2
Suppose -4*x = -2*x + v - 130, v = 5*x - 332. What are the prime factors of x?
2, 3, 11
Let j(i) = 2*i**2 - 2*i + 4. Let o be j(4). List the prime factors of o/(-6)*(-9)/6.
7
Suppose -2*z + 3 + 1 = 0. Suppose 5*j - 4*g = -27, 3*g - 17 = 2*j - z. What are the prime factors of (j/(-5))/((-7)/(-35))?
3
Let k(s) = 1. Let j(h) = -38*h + 6. Let y(p) = -j(p) + 5*k(p). What are the prime factors of y(1)?
37
Let x be 4/6*(-60)/(-8). List the prime factors of 4/(-10) - (-72)/x.
2, 7
Let q(o) be the third derivative of -o**6/120 + o**5/60 - o**4/24 + 23*o**3/3 + 4*o**2. Let h be q(0). Let w = h - 25. What are the prime factors of w?
3, 7
What are the prime factors of (-2 - 189/(-12)) + (-12)/16?
13
Suppose -o + 342 = -4*p + 1909, o = 3*p - 1175. What are the prime factors of (-4)/18 + p/63?
2, 3
What are the prime factors of 37 - -8 - 6/2?
2, 3, 7
Suppose -2*u + 2*k = 6, -3*u - 4*k = -3*k + 21. Let a = u - -20. List the prime factors of a.
2, 7
Let s = 33 + -19. What are the prime factors of s?
2, 7
Let h = 5 - -13. Let p = h + -25. Let f = p + 20. What are the prime factors of f?
13
Let c(t) = -49*t - 4. Let f(j) = 99*j + 9. Let h(l) = 5*c(l) + 2*f(l). List the prime factors of h(-1).
3, 5
Let y(z) = -9*z - 3. Suppose k + 5 - 3 = 5*b, 3*b = -k - 2. What are the prime factors of y(k)?
3, 5
Let d = 5 + -6. List the prime factors of (d - 2)*(-16)/6.
2
Suppose -4*i - 4*f = -f + 15, -25 = -3*i + 5*f. Suppose -3*w + 5*g - 24 = -4*w, i = -2*g + 8. List the prime factors of 2/(16/18)*w.
3
Let b = 5 + -10. Let d = 9 + b. Suppose 0 = d*a - 0*a - 8. What are the prime factors of a?
2
Let v(p) = -p**2 + 16*p - 8. What are the prime factors of v(10)?
2, 13
Let n(d) be the second derivative of d**4/12 - d**3/3 - 5*d**2 - d. List the prime factors of n(6).
2, 7
What are the prime factors of 10*((-82)/(-12) + 1/(-3))?
5, 13
Let r(h) = 19*h**3 - 2*h**2 + h. Let k be (-9)/(-6) - 1/2. What are the prime factors of r(k)?
2, 3
Let x(v) = v**3 + 3*v**2 - 2*v - 3. Let t be x(-2). Suppose 2 + 38 = t*k. List the prime factors of k.
2
Suppose 3*k + 320 = 11*k. List the prime factors of k.
2, 5
Suppose -a - 3*a = -16. What are the prime factors of 50/(-3)*(-6)/a?
5
Let u(g) = 5*g - 2*g**3 + 0*g**3 + 1 - 7*g**2 + 3*g + 3*g**3. List the prime factors of u(6).
13
Let o = 336 - 141. What are the prime factors of o?
3, 5, 13
Let p be ((-6)/4)/((-16)/32). Suppose 5*z + 22 = p*t - 11, 4*z = -2*t. List the prime factors of t.
2, 3
Let g(l) = 14*l + 2. Let p be g(-4). Let w be p/(-10) + (-6)/(-10). Suppose x = -d + w, 4*x + 0*d - 48 = 4*d. What are the prime factors of x?
3
Suppose 2*m = -2*m - 244. Let b be 2/7 + m/(-7). Suppose -3*w + b = -0. List the prime factors of w.
3
Let b(i) be the first derivative of -i**4/4 + 8*i**3/3 + 11*i**2/2 + 8*i - 5. What are the prime factors of b(9)?
2, 13
Let a = 50 + -29. What are the prime factors of a?
3, 7
Let u = -60 - -86. Suppose u = 5*l + 6. Suppose -3*t = s - 5*s - 26, l*t + s = 3. List the prime factors of t.
2
Let j(z) be the third derivative of z**5/15 + z**4/12 + z**3/6 - 3*z**2. What are the prime factors of j(2)?
3, 7
Let g be 4/(-2)*(8 + -7). Let l(p) = -4*p. What are the prime factors of l(g)?
2
Suppose 14*n = 17*n - 78. List the prime factors of n.
2, 13
Suppose 0 = 4*t + 3*j - 215, -5*t + 63 = -j - 220. Suppose -3*h + v + t = 0, 2*h + 5*v - 55 + 12 = 0. What are the prime factors of h?
19
Let z(s) = s**2. Let k be z(0). Let i(m) = -m**3 - m**2 + 12. What are the prime factors of i(k)?
2, 3
Let g(c) = -3*c**3 - c**2 - 2*c + 1. Let n be g(-2). Suppose -4*m - 5*z + 8 = 0, 2*z - 3*z = -3*m + n. List the prime factors of m.
7
Suppose y + 18 = t + 4, 3*t = 5*y + 66. Let q = 1 - -1. List the prime factors of (q + -3)*(3 + y).
3
Let v be 1 - 9/(-6 + 3). Suppose -v*d + 5 = -15. List the prime factors of d.
5
Suppose 2*u + 47 = 4*h + h, 0 = -u - h - 20. Let k = -35 - -25. Let o = k - u. What are the prime factors of o?
11
Let z be 24/16*(-32)/6. Let n be ((-16)/6)/(z/12). Suppose 4*d = -2*g + 20, n*g - 2*d - 40 = -d. What are the prime factors of g?
2, 5
Let y = -1 + -1. Let r = y + 4. What are the prime factors of r?
2
Suppose 4*o + 32 = 4*c, 3*c = 4*c - 2*o - 10. List the prime factors of c.
2, 3
List the prime factors of 333/(0/2 + 6/4).
2, 3, 37
Let z(i) = i - 1. Let b be z(7). List the prime factors of 3*(80/b + 1).
43
Let k = 54 + -4. What are the prime factors of k?
2, 5
Suppose 0*g - 132 = 2*g. List the prime factors of (-12)/g - (-130)/11.
2, 3
Suppose 3*k = -8 + 14. List the prime factors of k.
2
Let m(f) = 5*f + 30. List the prime factors of m(5).
5, 11
Let q(o) = o**2 - 6*o + 6. List the prime factors of q(8).
2, 11
Let y(x) = 18*x**2 + x + 9. What are the prime factors of y(-4)?
293
Let b(r) be the third derivative of -11*r**4/24 - r**2. Let u be b(-1). Suppose u = -5*m + 116. What are the prime factors of m?
3, 7
Let r(b) = -5*b - 5. Let x be r(7). Let p = -23 - x. What are the prime factors of p?
17
Let y(p) = p**3 + p**2 + p - 2. Let o be y(-2). What are the prime factors of (-812)/(-20) + o/(-20)?
41
What are the prime factors of (-1047)/(-6) - -4 - 4/(-8)?
179
List the prime factors of (-31)/(-11) - 2/(-11).
3
Let k be 28/(-5) + 6/(-15). List the prime factors of k/(-4)*56/21.
2
Suppose -636 = -6*n + 444. List the prime factors of n.
2, 3, 5
Suppose 0 = 2*c - 54. List the prime factors of c.
3
Suppose 5*i = -z + 1170, i + 965 = 5*i - 5*z. What are the prime factors of i?
5, 47
Suppose u = -u + 126. Suppose -5*b + 17 = -u. What are the prime factors of b?
2
Suppose -16 = 5*r + 2*h, 3*r = 2*r + 2*h - 8. Let i(s) = -s**3 - s**2 + 3*s + 3. Let g be i(-3). Let v = g + r. List the prime factors of v.
2
Let f(m) = m**2 + 6*m - 2. Let s be f(-7). Suppose 0 = 3*z - 4*d - 125, 0*z + 2*z = -3*d + 89. Suppose -s*u + z = -12. List the prime factors of u.
11
Let q = -3 + 5. Let u(r) = q - 3*r + 2*r + r + r. What are the prime factors of u(0)?
2
List the prime factors of (-15)/(-20) + 314/8.
2, 5
Suppose 3*y + 9 = -0*y. Let t(k) = -11*k - 7. List the prime factors of t(y).
2, 13
Let s(n) = 44*n + 20. Let g be (-10)/(-4)*(0 - 2). Let x(d) = -9*d - 4. Let t(u) = g*s(u) - 24*x(u). What are the prime factors of t(-6)?
2, 5
Let c be (-1 + -5)/((-18)/24). Let j = c - 6. List the prime factors of j.
2
Suppose -59 = 3*v + 79. List the prime factors of (v/(-3))/(4/6).
23
Let y be ((-18)/1)/(4/4). Let s = y + -19. Let c = -26 - s. What are the prime factors of c?
11
Suppose -6*z + 27 = -3*z. Let r = 12 - z. What are the prime factors of r?
3
Suppose -194 = -5*p + 3*u, 3*p - 6*p = u - 108. List the prime factors of p.
37
Suppose 4*t + 90 = 5*k + 3, 5*k + 109 = -3*t. Let d = t + 52. Let o = d + -16. What are the prime factors of o?
2
Suppose -1 + 16 = 5*j. Let d = j - 1. List the prime factors of d.
2
Suppose -2*d + 4*k = -76, -4*d + 3*d - 4*k + 32 = 0. List the prime factors of d.
2, 3
Let n = 75 + -53. What are the prime factors of n?
2, 11
Let b = -20 + 8. Let i = -7 - b. What are the prime factors of i?
5
Let p = 57 - -16. List the prime factors of p.
73
Let v(q) = 5*q 